 + 0 - (-47 - 0))?
39
What is the value of -3 + -2 + (-8 - 2) - (1 - -3)?
-19
1 + -5 - -9 - ((4 - 4) + -10)
15
Calculate -1 + 2 + (-21 - -25) - 17.
-12
Evaluate (-33 - -32) + (0 - -1) + (-67 - -37).
-30
What is the value of 13 + (14 - (0 + 12) - 11)?
4
What is 65 + -35 + -31 + 26 + (2 - 1)?
26
What is (-30 - (-34 + -40)) + (1 - 11)?
34
Evaluate 5 - 1 - (4 - (1 + 11 + -6)).
6
What is the value of -4 + 5 + -1 + -1?
-1
What is -4 - ((11 - (22 - 5)) + 9 + -1)?
-6
Evaluate 0 + -24 + (207 - 193).
-10
Evaluate -7 + 2 + (-5 - (-4 + -3)).
-3
Evaluate 27 + (13 - 16) + -14.
10
Evaluate 25 + (-2 - 6 - -26) + -12 + -1.
30
Evaluate 49 + -24 - (91 + -35).
-31
-9 + (-2 + 5 - (18 + -2) - -1)
-21
Calculate (39 - (-2 + (12 - -6))) + 3.
26
Calculate 14 + (0 - 1) - -3 - 9.
7
What is -41 + (14 - -2) + (10 - 4) + -8?
-27
Calculate (9 - -8) + (6 - (19 - 6) - -4).
14
Calculate (15 - 24 - 20) + 35.
6
What is 5 - ((2 - 1) + 3 + -1 + 16)?
-14
What is the value of -7 - (10 + -4 + -1 - 7)?
-5
1 + (8 - (-4 + 1))
12
Calculate 5 + -5 + 10 - (13 + -4).
1
What is the value of -7 + 2 + -3 + 25 - -16?
33
What is the value of -27 + 41 + -15 + 6?
5
10 - (25 + -10 - 17 - -1)
11
Calculate (-5 - (18 + -41 - -18)) + 22.
22
What is the value of 0 - (4 - 11) - (20 + 13)?
-26
What is (29 - (16 - -28)) + 49?
34
What is 6 + -1 + (48 - 52) - 4?
-3
What is (8 - 0) + -16 + 3?
-5
(0 + 1 - (11 + (-4 - -4))) + -4
-14
22 - (0 + -27 + 26)
23
What is 4 + (8 - 8) + 1 + 3?
8
What is -47 + (6 + 2 + -11 - -20)?
-30
-1 - -7 - (-16 + 12 + (19 - 6))
-3
40 - 18 - (36 + 0)
-14
Evaluate -30 + (12 - (36 - 44)).
-10
What is the value of -29 - (-45 - -26 - -14)?
-24
Calculate -7 + 25 + -39 + 3 + -3 + 7.
-14
Evaluate -11 + -24 - (-14 + -23).
2
-13 - (0 + 9 - (4 - (-3 - 0)))
-15
2 + -5 + -5 - -21
13
What is 1 - (-7 - (3 - 5)) - (-58 - -70)?
-6
Evaluate -13 - (-15 - 0) - -4.
6
-7 - (-11 + (27 - 8))
-15
Evaluate 4 - (-6 - (-35 + 30 - (-1 + -1))).
7
Evaluate 13 - (-1 + -4 + 15).
3
Calculate 1 - -2 - ((-9 - -22) + 8).
-18
Evaluate (-8 - (2 + -18)) + -11.
-3
-1 + -19 - -7 - 6
-19
4 + 3 + 2 + -21
-12
What is -12 + 9 + 20 - (7 - 4)?
14
What is the value of -14 + 24 + -45 + 17?
-18
What is the value of 17 - 1 - (51 + -46)?
11
Evaluate -3 + 23 - (-108 + 156).
-28
(11 + 6 - 16 - -5) + -32
-26
Evaluate (9 + -16 - (-3 + 8)) + 5.
-7
Evaluate -66 - (-71 - -33) - -33.
5
What is the value of 14 - (5 - ((-1 - 3) + 5 + -2))?
8
Evaluate 0 + 20 + -5 - (-21 + 60).
-24
Calculate -25 - (36 - 73) - (12 - 1).
1
Calculate -13 + ((10 - 4) + -14 - -6) + 2.
-13
Evaluate 4 + (-1 - ((2 - 5) + -1)) + -10.
-3
What is the value of (9 - (-1 + -7)) + -11 + -8?
-2
Calculate (6 - 0 - 0) + -4 - (-13 + 8).
7
Evaluate -11 + -2 - (-8 - (-12 + 1)).
-16
Evaluate 3 - 1 - (-1 - (-10 - (-4 + -7))).
4
What is the value of (-10 - 10) + 27 - 14?
-7
(7 - 11) + -15 - -12
-7
Evaluate -5 - (7 - (17 - 7) - 1).
-1
21 - (23 + -49 + 64)
-17
Calculate (3 - 28 - -21) + -10 + -1.
-15
What is the value of 12 + (-15 - -7) + -5 - 3?
-4
What is (-8 - (15 + -29)) + -2?
4
What is the value of 51 + -97 + 49 - (0 + 1 - -20)?
-18
What is 3 + 0 + -17 + 20?
6
What is 4 - ((8 - (6 + 8 - 0)) + -2)?
12
What is 32 + 34 + -22 + -14?
30
What is the value of (39 - -3 - 22) + -5 + 5?
20
Calculate -5 + 1 + 10 - 16 - 4.
-14
Evaluate ((-8 - -4) + -3 - (-16 + 8)) + -6.
-5
Evaluate 9 + 1 + -2 + -2.
6
(-9 + -2 + 18 - 22) + -2
-17
What is the value of -185 - -175 - (-20 - 1)?
11
Evaluate 4 - (15 - (2 + -9 + 19)).
1
-3 - (4 + 0 + -6) - (2 - -1)
-4
Evaluate -6 - (2 + -6) - (2 - 11).
7
Evaluate 8 + (3 - (11 - 0)) + -7 - -18.
11
What is 0 + 4 + 1 + (-10 - (0 + 10))?
-15
Calculate -3 - (21 + (-19 - (-8 - 2))).
-15
Evaluate 1 + -8 + 0 - (2 - (-3 + 1)).
-11
5 + -4 - 0 - (-3 + (-10 - -15))
-1
Evaluate -47 + 28 + 0 - (-1 + 0).
-18
What is the value of 6 - 0 - (155 - 145)?
-4
What is the value of (-22 - (-20 - (-12 - -12))) + (-1 - -3)?
0
-1 + 1 + 4 + -1337 + 1343
10
Calculate (51 - 57) + 0 + (1 - -3).
-2
Calculate 14 + -45 + 28 - (-1 - 5).
3
What is the value of 0 + 5 - (40 - 43)?
8
0 + 4 + (-6 - -3) + -4 + 3
0
Evaluate 12 + (-23 - (11 - 10)).
-12
Evaluate 17 + (3 - -1 - (-8 + 21)).
8
What is the value of 9 - (9 + (7 + -7 - -3))?
-3
What is 41 - (-1 - -8 - -16)?
18
6 + (-2 - 16) + 4 + 40
32
Evaluate -2 - -11 - (-14 + (-2 - -14) + -12).
23
Calculate -9 - (-10 + 18 + -14).
-3
What is -14 + (-19 - (-20 - 14)) - (-3 - -1)?
3
15 + 24 + -35 + -30
-26
Evaluate 0 - (8 - ((5 - -5 - 0) + 2)).
4
What is the value of 21 - (18 - 4) - -13?
20
Evaluate -1 + -20 + -14 + 2 + 8 - -7.
-18
Evaluate -11 + (7 - 22 - -8) + 21.
3
Calculate -3 + 6 - (-3 - -3 - 3).
6
-36 - -18 - (-2 - -6 - 8 - -5)
-19
Evaluate -6 + (-3 - -1 - -4) - (-25 - -22).
-1
Evaluate 15 + -3 + (-3 - -6) + 10 + -5.
20
What is the value of 8 + 3 + (7 + -9 + -3 - -10)?
16
What is (6 - 10) + 31 + -5 + 3 + -4?
21
What is 20 + -9 - (0 + 7 + -4)?
8
What is the value of 7 - 3 - (-239 - -251)?
-8
-5 + 8 + (6 - (15 - 8))
2
What is the value of -6 + (18 + -30 - -27)?
9
What is -13 - 1 - (5 - (0 + (-5 - -11)))?
-13
What is the value of (-6 + -1 - -1) + -7 + 27?
14
What is -10 + 8 + (-4 - 4 - -6) + 37?
33
(4 + 0 - 3) + 13 + 4 + -5
13
What is (0 - (1 + 5)) + 7 + -10 + 3?
-6
-2 + (7 - (-7 + 6))
6
Evaluate -1 - (-6 + (12 - 2 - 5) - -1).
-1
Calculate ((9 - 1) + (-19 - -11) - 13) + 1.
-12
(-1 - 3) + (-3 - -6) + -8
-9
What is the value of -6 + (15 + 2 - 4) + (5 - 0)?
12
What is (17 - (12 + 21)) + 14?
-2
32 - (-17 - (-19 + -23))
7
What is the value of -28 - (5 + (-41 - -18))?
-10
Calculate -24 + -150 + 142 + (0 - -7).
-25
What is the value of -6 + -3 + -22 + (2 - -10)?
-19
Evaluate -14 - (0 - -3) - -6 - -2.
-9
What is the value of 61 + 1 + -31 - (-2 + -4)?
37
3 + -7 - 4 - (15 + -28 + -16)
21
Calculate 3 - (4 - (6 + (-3 - 2) + 1)).
1
2 - 5 - (-13 + (1 - 4)) - 1
12
What is 18 + -59 + 32 - (19 - 1)?
-27
Evaluate 7 - ((-2 - 5) + 7 + 2).
5
Evaluate 9 + -23 - (-9 + (20 - 4)).
-21
Evaluate 2 + (-5 - (1 - -3)) + 4 + -5.
-8
-195 - -187 - (2 + (6 - 0))
-16
What is 1 - (-2 + 0 + 4)?
-1
What is -9 + -12 + 18 + -9?
-12
Evaluate 56 + (-129 - -63) - (0 - 22).
12
What is (9 - (3 + 13 + -8)) + 6?
7
Evaluate -48 + 42 - (-2 - -3).
-7
-14 + (23 - -4) - 7
6
Calculate -1 - -12 - (-33 - (-4 - 7)).
33
What is 12 - (-16 + 19 - -7) - 23?
-21
What is the value of 31 + -17 - (30 + -3)?
-13
Evaluate -1 + -5 - (3 + (1 - 18) - -10).
-2
What is the value of (6 - -10) + -10 - (3 - -11)?
-8
Evaluate -14 - (11 + -2 + -24).
1
3 + (8 - -2) - -19
32
What is the value of 3 + (1 - (-3 + -3 + 1 - -4))?
5
What is the value of (-2 - 1 - -9) + (-7 - -4) - 9?
-6
What is the value of 10 + (0 + -3 - 6) - 10?
-9
Calculate -8 + -1 - -10 - (2 + -2) - 0.
1
Evaluate 45 + -32 - (17 + -2).
-2
Calculate -6 - ((-7 + 6 - 1) + -1) - -17.
14
(237 - 242) + -2 + -3 + 1
-9
(7 - (-1 + 5)) + (6 - 21)
-12
(-3 - 24) + (3 - -6)
-18
41 - (22 + -23 + 30)
12
Evaluate 2 + (-21 - (-14 - -1)).
-6
Calculate -14 - -22 - 11 - (2 + 2 + 0).
-7
(-73 - 0) + 26 - -14
-33
-5 + (0 - -5 - 8)
-8
Evaluate (3 - 18) + -6 - (29 - 30).
-20
What is the value of 7 + 0 - (12 - (21 - -5))?
21
What is the value of 4 + 1 - (20 + 6 - (5 + 0))?
-16
What is the value of -5 + -9 + (-5 + 8 - 4) - -6?
-9
What is the value of 1309 + -1333 + -1 + 18?
-7
What is the value of -3 + 1 - (-18 - (2 + (-33 - -2)))?
-13
-8 + (1 - (-6 - (2 + (5 - 3))))
3
What is the value of (31 - 16) + 12 + -14?
13
Evaluate -15 + ((0 - 4) + -3 - (-12 + 10)).
-20
What is the value of -116 - -107 - (2 - -11)?
-22
Calculate -15 - (-7 - 0) - (-3 + -2 + -4).
1
What is the value of -1 - -16 - (25 - (-17 - -42))?
15
Evaluate (-9 - (3 + -6 + 4 + 2)) + -6.
-18
What is 2 + (-4 - -1 - (-11 - -18))?
-8
-19 - (-13 + -10) - (1 - 2 - -16)
-11
(3 + -7 - -15) + 5
16
What is (45 - 3) + -73 + 50?
19
What is (-14 - -53) + (18 - 40)?
17
Calculate 7 - -6 - (1 - (-1 - -4)).
15
-3 + 1 + (4 + -8 - -5) + 0
-1
What is the value of 82 - 88 - (7 + 13)?
-26
Calculate 2 + -1 - (-14 + (30 + -20 - 21)).
26
Calculate -8 + (2 + -42 - -29).
-19
Evaluate -5 + (1 - 8 - -16 - (0 - 7)).
11
(6 + -15 + 8 - (0 + -10)) + -5
4
What is the value of -15 - (-17 + 6) - (2 - (0 + 2))?
-4
What is the value of 53 + -53 + 0 + 2 + 0?
2
What is the value of (-16 - -11) + 20 + -45 - (-8 + 1)?
-23
What is the value of -120 + 105 + (24 - 1)?
8
Calculate -19 +